 = 3*o + o + 8, -4*j + 16 = 2*o. Suppose 7571 = j*n + 941. Suppose -y + n = 299. Is y prime?
False
Let c be 8 + (-1478592)/(-81) + (-2)/9. Let s = 31133 - c. Is s a prime number?
False
Let q = 11540 - 18348. Let i = q + 25505. Is i a prime number?
False
Suppose 0 = 6*h - 2*h + 20*h - 3526968. Is h prime?
False
Suppose 2331 = -7*g - 9408. Let q = g + 2954. Is q composite?
False
Suppose 5*m + 238662 = -3*w, 2*w + 3*w + 397789 = -2*m. Let b = w - -144589. Suppose 11*u - b = -3*u. Is u composite?
True
Suppose 0 = -2*m + 13*m - 198099. Suppose -2*v + m = 5*j, 3*j - 4*v + 10797 = 6*j. Is j a composite number?
True
Let z = 87448 - 30062. Let l = -31339 + z. Suppose 3*b - 15637 = 5*r, 3*b + 2*b - r - l = 0. Is b composite?
False
Let y be -3452*((-15)/4)/5. Suppose -25 = -4*k + 2*n - 3*n, 5*n - 30 = -k. Suppose -k*s + 415 = q - 114, -5*q + y = -3*s. Is q a prime number?
False
Is (10873239/(-429))/(3/(-33)) composite?
False
Suppose -8*k - 331 = -115. Let p = k - -25. Is 1346*((-5)/p + -2) a prime number?
True
Suppose -2*m - 5*r = -3*m + 802, 3*m - 5*r = 2396. Suppose 0 = w - m + 42. Suppose w + 393 = 4*s. Is s prime?
False
Let c = 34258 + 7053. Is c composite?
True
Let o be (-2554432)/96*(-6)/4. Suppose 3883 = u - 4*y - 4082, 2*y = -5*u + o. Is u a composite number?
True
Let x = 400714 - 228921. Is x a composite number?
False
Suppose 0 = -5*p - f + 214275, -2*p + 0*f - 3*f = -85723. Suppose -u = 3*u + 5*y - 42839, -4*u = 2*y - p. Let j = 15394 - u. Is j a prime number?
False
Suppose 0 = -2*y + 2*s + 88788, -y + 44390 = -4*s + 2*s. Suppose 4*a - y = 26430. Is a a composite number?
False
Is (993580/(-42) - 4)*(-3)/2 a prime number?
True
Let j(k) be the first derivative of 1/2*k**2 + 1/4*k**4 - 5*k**3 - 18 + 22*k. Is j(15) prime?
True
Suppose 3*y = z, 4*z - 3*y = -0*z + 9. Let o(k) = 208*k**3 + 4*k**2 - 5*k + 2. Is o(z) a composite number?
False
Suppose 61*c - 906202 = 2321857. Is c a composite number?
False
Let h = 170 - 55. Let m be ((-1)/(-3))/(2 - h/60). Suppose 2*g + 2*g - 6277 = 5*a, 3*a = m*g - 6267. Is g prime?
False
Suppose t = -8 + 9. Let n be (t + -3)/1*-1. Suppose -2*x - 5*c + 653 = 0, -c = -n*x + 3*c + 626. Is x prime?
False
Suppose 0 = 6*d - 81 + 33. Suppose -3*q = 3*t - 30390, 3*t + q = d*t - 50644. Is t prime?
False
Suppose 102*j - 252*j + 37012173 = -39*j. Is j a composite number?
True
Is (15/(-60))/(((-3)/(-1))/(-1148052)) a composite number?
True
Suppose -19*t + 120 + 32 = 0. Suppose -11*v - 211 = -4*c - t*v, 0 = c - 3*v - 46. Is c composite?
True
Let h(t) = -4*t**3 + 11*t**2 - 39*t - 153. Is h(-8) a prime number?
False
Let w(h) = 71*h**3 - h**2 - 3*h - 1. Let z(a) = 2*a**3 - a - 7*a**2 - 4*a**3 - 5 - 2*a**3 + 3*a**3. Let j be z(-7). Is w(j) prime?
True
Let f be (11108/8)/((-44)/48 - -1). Suppose -103*g + f = -101*g. Is g a composite number?
True
Suppose 195*q = 315*q + 373*q - 742951493. Is q a composite number?
True
Suppose -270 = -2*h - 52*h. Suppose g + 100449 = 5*c, -5*c = -10*c + h*g + 100465. Is c a composite number?
False
Let x(h) = -3*h - 59. Let j be x(-21). Is (10 - -795) + -2*j a composite number?
False
Let b(h) = 28*h**2 - 5*h + 12. Let k be b(6). Suppose -3*n - 5*j + k = 0, -82*n + 78*n = 4*j - 1328. Is n a prime number?
False
Suppose -c + 4 = 0, 5*f + 361550 = 2*c + 1590407. Is f a prime number?
False
Let h be (53 - 47) + 1 + 3011. Suppose 0 = -8*b + h + 21838. Is b a composite number?
True
Suppose 60432 = -6*t + 395010. Is t composite?
False
Let s(l) = -l**3 - 24*l**2 - 3*l - 72. Let m be s(-24). Suppose d + 3736 - 13637 = m. Is d a composite number?
False
Let w(n) = 95*n**2 + 70*n - 23. Is w(-34) prime?
False
Suppose 10*o - 100*d = -101*d + 1053589, -o = -2*d - 105361. Is o a composite number?
False
Let u = -268 - -318. Is 4/u - 594723/(-25) a composite number?
False
Suppose 0 = -c + 5*j + 173269, -90*j = 2*c - 95*j - 346518. Is c a composite number?
False
Let h(c) = 164*c**2 + 3*c - 5. Let d(o) = 82*o**2 + o - 2. Let w(q) = -7*d(q) + 3*h(q). Let z be w(-4). Let p = -800 - z. Is p a prime number?
True
Let p(s) = -64*s - 53. Let r(z) = -127*z - 106. Let j(m) = 5*p(m) - 2*r(m). Is j(-5) a prime number?
True
Let b(d) = d**2 + 3. Suppose 3*m = -3*o + 7 + 5, 0 = -m - 2*o + 8. Let t be b(m). Let r(h) = 8*h**2 - 4*h - 1. Is r(t) a composite number?
False
Let x = -128 - -131. Let z(d) = d**3 - 5*d**2 + 2*d + 9. Let r be z(x). Let o(p) = -35*p**3 + 3*p**2 + 1. Is o(r) prime?
False
Let z = 2209179 + -966136. Is z a prime number?
False
Let s(f) = -3*f**3 + 13*f**2 - 43*f - 18. Let y be s(-21). Suppose -5*r + 5134 = -4*p + y, -2*r - 7313 = -p. Is p a composite number?
True
Let r(k) = -175*k**2 + 89*k**2 + 10*k - 109 + 88*k**2. Is r(-15) a composite number?
False
Let x = 5 - 36. Let s(g) = 29*g - 9. Let d be s(7). Let m = d + x. Is m a prime number?
True
Suppose -w + 25832 = j, -w - 25836 = -2*w + 3*j. Let r = w + -9224. Is r a composite number?
True
Let h(q) = -21*q**2 - 2*q - 2. Suppose 0 = -5*o - 5*r, -2 = -4*o + 2*o - 4*r. Let w be h(o). Let p = w - -467. Is p a prime number?
False
Suppose -2*a - 5*d + 106 = -73, -144 = -2*a + 2*d. Suppose 9*k = 8*k - a. Let z = k + 130. Is z composite?
False
Let y(d) = -5382*d**2 + 9*d - 16. Let s be y(3). Let f be s/9 - (0 + 14/63). Let k = -2952 - f. Is k a prime number?
False
Let c be 6*2/36*-1047. Let n = c + 642. Is n composite?
False
Let r(g) = -2*g - 4*g + 3*g + 2*g**2 + 4417. Is r(0) prime?
False
Let l(w) = -w**3 + 149*w**2 - 488*w - 101. Is l(94) a composite number?
True
Is 48923 - (13 + (-6 - 1))*1 composite?
True
Let w = -22 - -20. Let j be (1210 - 1) + (1 - (-4)/w). Suppose 3*b = -3*g + 1038, -176 = -4*g + 5*b + j. Is g a composite number?
True
Let x(o) = o**3 + 45*o**2 + 38*o - 13. Is x(-33) prime?
True
Let u = 127369 + 74028. Is u a prime number?
False
Let z = -420297 - -593902. Suppose -23*h + 18*h = -z. Is h a composite number?
False
Let y(t) be the second derivative of -t**4/12 + 17*t**3/2 + 237*t**2/2 - 207*t + 1. Is y(46) prime?
True
Suppose 3*j = -5*p - 19 - 6, -2*j = 5*p + 25. Let o be (-2)/(-27) + 16960/4320. Suppose j = -o*b - 0*b + 8380. Is b composite?
True
Suppose 0 = -19*k + 13*k + 55146. Suppose -163 = -6*n + k. Is n prime?
True
Let g be (-82)/(-4)*-69*20/30. Let i = g + 2340. Is i a composite number?
True
Suppose p + 86 = 84. Let x(g) = 122*g**2 + 2*g + 2. Let s(t) = -121*t**2 - t - 1. Let r(i) = -5*s(i) - 4*x(i). Is r(p) a prime number?
False
Suppose -62*z + 8832656 - 5754097 = -8212819. Is z composite?
True
Suppose -2*a + 152 = 2*n, 2*a + 56 = 3*n - 167. Suppose -n = -4*j - 5*q, -2*q - 90 = -3*j + q. Is j composite?
True
Suppose -25*u - 397159 = 729191. Is (u/(-26))/1 - 156/(-1014) prime?
True
Let a = -2353448 - -3939051. Is a prime?
True
Suppose -2*x - 23*b = -27*b - 53030, 3*x - 4*b = 79541. Is x prime?
False
Suppose 0 = 7*n - 76871 - 211837. Is (-8 - n)*2/(-8) a composite number?
False
Let m(v) = -136*v - 56. Let d(j) = 135*j + 54. Let u(x) = 3*d(x) + 2*m(x). Is u(27) a prime number?
False
Let z(k) = k**2 + k - 6. Let r be z(-3). Suppose r = 24*y - 1675 - 8141. Is y a prime number?
True
Let s = 36 + -52. Let b(q) = q**2 + 18*q + 36. Let u be b(s). Suppose u*k - 939 = 673. Is k a composite number?
True
Let l be (-1*(7 + 2) - -4)*-1. Suppose 3*z - 12031 = -5*j, 4*j - 12149 - 7881 = -l*z. Suppose -4*m - r - 4*r + z = 0, 5*r + 5025 = 5*m. Is m a prime number?
False
Let m(b) = b - 32. Let q be m(20). Let c = 17 + q. Suppose 3*r - 5*h = 5166, -c*r - h = 2*h - 8644. Is r prime?
False
Let b(k) = k**3 - 3*k**2 - 10*k + 28. Let p be b(4). Suppose -p = -i, d - 171 = -3*i + 2344. Is d prime?
True
Let t(r) = -625*r - 29. Suppose 11*n + 64 = -5*n. Is t(n) prime?
False
Suppose -216*g + 25759206 = -21999474. Is g a prime number?
False
Let b = 1144 + -466. Suppose 0 = 3*d - 12, r = -d + b + 803. Is r a composite number?
True
Suppose -8*w + 0 + 96 = 0. Suppose -8*p = -12*p + w. Suppose 3*m = -p*j + m + 358, -m - 352 = -3*j. Is j a prime number?
False
Let p = -666 + 669. Suppose p*j + 3*l + 3219 = 12078, 2*j + 3*l - 5902 = 0. Is j a prime number?
True
Suppose -33*a = -36*a + 73966 + 46925. Is a prime?
False
Suppose 0 = -24*x + 25*x + 16. Let d = -11 - x. Suppose -d*i + 1106 = -189. Is i a prime number?
False
Let q = 78 + -100. Is 44/q*((-29079)/6 + 2) prime?
True
Suppose -310